{"id":416,"date":"2020-08-25T22:18:38","date_gmt":"2020-08-25T21:18:38","guid":{"rendered":"https:\/\/www.kanzlei-tatzber.at\/?page_id=416"},"modified":"2020-08-30T21:48:59","modified_gmt":"2020-08-30T20:48:59","slug":"kuenstlerinnen-und-kuenstler","status":"publish","type":"page","link":"https:\/\/www.kanzlei-tatzber.at\/?page_id=416","title":{"rendered":"K\u00fcnstlerinnen und K\u00fcnstler"},"content":{"rendered":"\t\t<div data-elementor-type=\"wp-page\" data-elementor-id=\"416\" class=\"elementor elementor-416\">\n\t\t\t\t\t\t<section class=\"elementor-section elementor-top-section elementor-element elementor-element-9d2054a elementor-section-boxed elementor-section-height-default elementor-section-height-default\" data-id=\"9d2054a\" data-element_type=\"section\">\n\t\t\t\t\t\t<div class=\"elementor-container elementor-column-gap-default\">\n\t\t\t\t\t<div class=\"elementor-column elementor-col-100 elementor-top-column elementor-element elementor-element-d47b988\" data-id=\"d47b988\" data-element_type=\"column\">\n\t\t\t<div class=\"elementor-widget-wrap elementor-element-populated\">\n\t\t\t\t\t\t<div class=\"elementor-element elementor-element-dc45632 elementor-hidden-tablet elementor-hidden-phone elementor-widget elementor-widget-spacer\" data-id=\"dc45632\" data-element_type=\"widget\" data-widget_type=\"spacer.default\">\n\t\t\t\t<div class=\"elementor-widget-container\">\n\t\t\t\t\t\t\t<div class=\"elementor-spacer\">\n\t\t\t<div class=\"elementor-spacer-inner\"><\/div>\n\t\t<\/div>\n\t\t\t\t\t\t<\/div>\n\t\t\t\t<\/div>\n\t\t\t\t\t<\/div>\n\t\t<\/div>\n\t\t\t\t\t<\/div>\n\t\t<\/section>\n\t\t\t\t<section class=\"elementor-section elementor-top-section elementor-element elementor-element-3d7808a elementor-section-boxed elementor-section-height-default elementor-section-height-default\" data-id=\"3d7808a\" data-element_type=\"section\">\n\t\t\t\t\t\t<div class=\"elementor-container elementor-column-gap-default\">\n\t\t\t\t\t<div class=\"elementor-column elementor-col-100 elementor-top-column elementor-element elementor-element-7c1ec1b\" data-id=\"7c1ec1b\" data-element_type=\"column\">\n\t\t\t<div class=\"elementor-widget-wrap elementor-element-populated\">\n\t\t\t\t\t\t<div class=\"elementor-element elementor-element-ed90ed5 elementor-widget elementor-widget-image\" data-id=\"ed90ed5\" data-element_type=\"widget\" data-widget_type=\"image.default\">\n\t\t\t\t<div class=\"elementor-widget-container\">\n\t\t\t\t\t\t\t\t\t\t\t\t\t\t\t<img fetchpriority=\"high\" decoding=\"async\" width=\"1920\" height=\"700\" src=\"https:\/\/www.kanzlei-tatzber.at\/wp-content\/uploads\/2020\/08\/kuenstler.jpg\" class=\"attachment-full size-full wp-image-532\" alt=\"K\u00fcnstler &amp; K\u00fcnstlerinnen\" srcset=\"https:\/\/www.kanzlei-tatzber.at\/wp-content\/uploads\/2020\/08\/kuenstler.jpg 1920w, https:\/\/www.kanzlei-tatzber.at\/wp-content\/uploads\/2020\/08\/kuenstler-300x109.jpg 300w, https:\/\/www.kanzlei-tatzber.at\/wp-content\/uploads\/2020\/08\/kuenstler-1024x373.jpg 1024w, https:\/\/www.kanzlei-tatzber.at\/wp-content\/uploads\/2020\/08\/kuenstler-768x280.jpg 768w, https:\/\/www.kanzlei-tatzber.at\/wp-content\/uploads\/2020\/08\/kuenstler-1536x560.jpg 1536w\" sizes=\"(max-width: 1920px) 100vw, 1920px\" \/>\t\t\t\t\t\t\t\t\t\t\t\t\t\t\t<\/div>\n\t\t\t\t<\/div>\n\t\t\t\t\t<\/div>\n\t\t<\/div>\n\t\t\t\t\t<\/div>\n\t\t<\/section>\n\t\t\t\t<section class=\"elementor-section elementor-top-section elementor-element elementor-element-ab17943 elementor-section-boxed elementor-section-height-default elementor-section-height-default\" data-id=\"ab17943\" data-element_type=\"section\">\n\t\t\t\t\t\t<div class=\"elementor-container elementor-column-gap-default\">\n\t\t\t\t\t<div class=\"elementor-column elementor-col-100 elementor-top-column elementor-element elementor-element-5fc3f0e8\" data-id=\"5fc3f0e8\" data-element_type=\"column\">\n\t\t\t<div class=\"elementor-widget-wrap elementor-element-populated\">\n\t\t\t\t\t\t<div class=\"elementor-element elementor-element-4351f636 elementor-widget elementor-widget-heading\" data-id=\"4351f636\" data-element_type=\"widget\" data-widget_type=\"heading.default\">\n\t\t\t\t<div class=\"elementor-widget-container\">\n\t\t\t\t\t<h3 class=\"elementor-heading-title elementor-size-medium\">Kunst oder Nichtkunst ist hier die steuerrechtliche Frage<\/h3>\t\t\t\t<\/div>\n\t\t\t\t<\/div>\n\t\t\t\t<div class=\"elementor-element elementor-element-4c5b3ca7 elementor-widget elementor-widget-text-editor\" data-id=\"4c5b3ca7\" data-element_type=\"widget\" data-widget_type=\"text-editor.default\">\n\t\t\t\t<div class=\"elementor-widget-container\">\n\t\t\t\t\t\t\t\t\t<div class=\"dt-fancy-separator title-left h4-size style-disabled title-color\"><div class=\"dt-fancy-title\">Steuerberater Wien K\u00fcnstler: Erfolgreich und selbstst\u00e4ndig in der Kunst- und Medienwelt zu sein, ist der Wunsch vieler K\u00fcnstlerinnen und K\u00fcnstler. Doch um das zu erreichen, m\u00fcssen einige Faktoren beachtet werden. Den R\u00fccken frei zu haben ist f\u00fcr jeden Kunstschaffenden ein wichtiger Aspekt. Denn Belegverarbeitung, Buchhaltung, Steuerfragen und der \u201eKampf\u201c mit Beh\u00f6rden nehmen Zeit in Anspruch und halten von der eigentlichen kreativen Arbeit ab. Mit unserem Service gewinnen Sie einen Partner, der Sie hiervon entlastet und Ihnen freie Kapazit\u00e4ten f\u00fcr Ihre eigentlichen Aufgaben schafft. Wir sind der Steuerberater in Wien f\u00fcr K\u00fcnstlerinnen und K\u00fcnstler.<\/div><\/div>\t\t\t\t\t\t\t\t<\/div>\n\t\t\t\t<\/div>\n\t\t\t\t\t<\/div>\n\t\t<\/div>\n\t\t\t\t\t<\/div>\n\t\t<\/section>\n\t\t\t\t<\/div>\n\t\t","protected":false},"excerpt":{"rendered":"<p>Kunst oder Nichtkunst ist hier die steuerrechtliche Frage Steuerberater Wien K\u00fcnstler: Erfolgreich und selbstst\u00e4ndig in der Kunst- und Medienwelt zu sein, ist der Wunsch vieler K\u00fcnstlerinnen und K\u00fcnstler. Doch um das zu erreichen, m\u00fcssen einige Faktoren beachtet werden. Den R\u00fccken frei zu haben ist f\u00fcr jeden Kunstschaffenden ein wichtiger Aspekt. Denn Belegverarbeitung, Buchhaltung, Steuerfragen und &hellip;<\/p>\n<p class=\"read-more\"> <a class=\"\" href=\"https:\/\/www.kanzlei-tatzber.at\/?page_id=416\"> <span class=\"screen-reader-text\">K\u00fcnstlerinnen und K\u00fcnstler<\/span> Mehr lesen \u00bb<\/a><\/p>\n","protected":false},"author":1,"featured_media":0,"parent":0,"menu_order":0,"comment_status":"closed","ping_status":"closed","template":"","meta":{"footnotes":""},"class_list":["post-416","page","type-page","status-publish","hentry"],"_links":{"self":[{"href":"https:\/\/www.kanzlei-tatzber.at\/index.php?rest_route=\/wp\/v2\/pages\/416","targetHints":{"allow":["GET"]}}],"collection":[{"href":"https:\/\/www.kanzlei-tatzber.at\/index.php?rest_route=\/wp\/v2\/pages"}],"about":[{"href":"https:\/\/www.kanzlei-tatzber.at\/index.php?rest_route=\/wp\/v2\/types\/page"}],"author":[{"embeddable":true,"href":"https:\/\/www.kanzlei-tatzber.at\/index.php?rest_route=\/wp\/v2\/users\/1"}],"replies":[{"embeddable":true,"href":"https:\/\/www.kanzlei-tatzber.at\/index.php?rest_route=%2Fwp%2Fv2%2Fcomments&post=416"}],"version-history":[{"count":10,"href":"https:\/\/www.kanzlei-tatzber.at\/index.php?rest_route=\/wp\/v2\/pages\/416\/revisions"}],"predecessor-version":[{"id":672,"href":"https:\/\/www.kanzlei-tatzber.at\/index.php?rest_route=\/wp\/v2\/pages\/416\/revisions\/672"}],"wp:attachment":[{"href":"https:\/\/www.kanzlei-tatzber.at\/index.php?rest_route=%2Fwp%2Fv2%2Fmedia&parent=416"}],"curies":[{"name":"wp","href":"https:\/\/api.w.org\/{rel}","templated":true}]}}