{"id":367,"date":"2020-08-25T21:09:03","date_gmt":"2020-08-25T20:09:03","guid":{"rendered":"https:\/\/www.kanzlei-tatzber.at\/?page_id=367"},"modified":"2026-01-23T10:01:06","modified_gmt":"2026-01-23T09:01:06","slug":"lohnverrechnung","status":"publish","type":"page","link":"https:\/\/www.kanzlei-tatzber.at\/?page_id=367","title":{"rendered":"Lohnverrechnung"},"content":{"rendered":"\t\t<div data-elementor-type=\"wp-page\" data-elementor-id=\"367\" class=\"elementor elementor-367\">\n\t\t\t\t\t\t<section class=\"elementor-section elementor-top-section elementor-element elementor-element-7edc831 elementor-hidden-tablet elementor-hidden-phone elementor-section-boxed elementor-section-height-default elementor-section-height-default\" data-id=\"7edc831\" data-element_type=\"section\">\n\t\t\t\t\t\t<div class=\"elementor-container elementor-column-gap-default\">\n\t\t\t\t\t<div class=\"elementor-column elementor-col-100 elementor-top-column elementor-element elementor-element-298b2b1\" data-id=\"298b2b1\" data-element_type=\"column\">\n\t\t\t<div class=\"elementor-widget-wrap elementor-element-populated\">\n\t\t\t\t\t\t<div class=\"elementor-element elementor-element-7c71e25 elementor-hidden-tablet elementor-hidden-phone elementor-widget elementor-widget-spacer\" data-id=\"7c71e25\" data-element_type=\"widget\" data-widget_type=\"spacer.default\">\n\t\t\t\t<div class=\"elementor-widget-container\">\n\t\t\t\t\t\t\t<div class=\"elementor-spacer\">\n\t\t\t<div class=\"elementor-spacer-inner\"><\/div>\n\t\t<\/div>\n\t\t\t\t\t\t<\/div>\n\t\t\t\t<\/div>\n\t\t\t\t\t<\/div>\n\t\t<\/div>\n\t\t\t\t\t<\/div>\n\t\t<\/section>\n\t\t\t\t<section class=\"elementor-section elementor-top-section elementor-element elementor-element-7f064ef elementor-section-boxed elementor-section-height-default elementor-section-height-default\" data-id=\"7f064ef\" data-element_type=\"section\">\n\t\t\t\t\t\t<div class=\"elementor-container elementor-column-gap-default\">\n\t\t\t\t\t<div class=\"elementor-column elementor-col-100 elementor-top-column elementor-element elementor-element-1ee5f4e\" data-id=\"1ee5f4e\" data-element_type=\"column\">\n\t\t\t<div class=\"elementor-widget-wrap elementor-element-populated\">\n\t\t\t\t\t\t<div class=\"elementor-element elementor-element-ab01239 elementor-widget elementor-widget-image\" data-id=\"ab01239\" data-element_type=\"widget\" data-widget_type=\"image.default\">\n\t\t\t\t<div class=\"elementor-widget-container\">\n\t\t\t\t\t\t\t\t\t\t\t\t\t\t\t<img fetchpriority=\"high\" decoding=\"async\" width=\"1920\" height=\"700\" src=\"https:\/\/www.kanzlei-tatzber.at\/wp-content\/uploads\/2020\/08\/lohnverrechnung.jpg\" class=\"attachment-full size-full wp-image-561\" alt=\"Lohnverrechnung\" srcset=\"https:\/\/www.kanzlei-tatzber.at\/wp-content\/uploads\/2020\/08\/lohnverrechnung.jpg 1920w, https:\/\/www.kanzlei-tatzber.at\/wp-content\/uploads\/2020\/08\/lohnverrechnung-300x109.jpg 300w, https:\/\/www.kanzlei-tatzber.at\/wp-content\/uploads\/2020\/08\/lohnverrechnung-1024x373.jpg 1024w, https:\/\/www.kanzlei-tatzber.at\/wp-content\/uploads\/2020\/08\/lohnverrechnung-768x280.jpg 768w, https:\/\/www.kanzlei-tatzber.at\/wp-content\/uploads\/2020\/08\/lohnverrechnung-1536x560.jpg 1536w\" sizes=\"(max-width: 1920px) 100vw, 1920px\" \/>\t\t\t\t\t\t\t\t\t\t\t\t\t\t\t<\/div>\n\t\t\t\t<\/div>\n\t\t\t\t\t<\/div>\n\t\t<\/div>\n\t\t\t\t\t<\/div>\n\t\t<\/section>\n\t\t\t\t<section class=\"elementor-section elementor-top-section elementor-element elementor-element-1aa1085e elementor-section-boxed elementor-section-height-default elementor-section-height-default\" data-id=\"1aa1085e\" data-element_type=\"section\">\n\t\t\t\t\t\t<div class=\"elementor-container elementor-column-gap-default\">\n\t\t\t\t\t<div class=\"elementor-column elementor-col-100 elementor-top-column elementor-element elementor-element-64bb0f87\" data-id=\"64bb0f87\" data-element_type=\"column\">\n\t\t\t<div class=\"elementor-widget-wrap elementor-element-populated\">\n\t\t\t\t\t\t<div class=\"elementor-element elementor-element-26c9a290 elementor-widget elementor-widget-heading\" data-id=\"26c9a290\" data-element_type=\"widget\" data-widget_type=\"heading.default\">\n\t\t\t\t<div class=\"elementor-widget-container\">\n\t\t\t\t\t<h3 class=\"elementor-heading-title elementor-size-medium\">Rechnen Sie mit dem Besten<\/h3>\t\t\t\t<\/div>\n\t\t\t\t<\/div>\n\t\t\t\t<div class=\"elementor-element elementor-element-24b916d7 elementor-widget elementor-widget-text-editor\" data-id=\"24b916d7\" data-element_type=\"widget\" data-widget_type=\"text-editor.default\">\n\t\t\t\t<div class=\"elementor-widget-container\">\n\t\t\t\t\t\t\t\t\t<div class=\"dt-fancy-separator title-left h4-size style-disabled title-color\"><div class=\"dt-fancy-title\"><span style=\"font-size: 16px;\">Die Lohn- und Gehaltsverrechnung z\u00e4hlt zu den wohl sensibelsten und umfangreichsten Themen als Unternehmer. Hier flie\u00dfen sowohl Steuerrecht und Sozialversicherungsvorschriften als auch Arbeitsrecht und Kollektivvertragsbestimmungen ineinander. Darum sind umfassende und st\u00e4ndig aktualisierte Fachkenntnisse von besonderer Bedeutung, um unangenehme \u00dcberraschungen bei einer Gebietskrankenkassen- oder Finanzamtspr\u00fcfung zu vermeiden.<\/span><\/div><\/div><div class=\"wpb_text_column wpb_content_element \"><div class=\"wpb_wrapper\"><p>Wir \u00fcbernehmen f\u00fcr Sie alle laufenden Meldungen und Korrespondenzen mit den Gebietskrankenkassen, den Finanz\u00e4mtern und Gemeinden.<\/p><p>Ihre Mitarbeiterinnen und Mitarbeiter stellen einen gro\u00dfen Ausgabenbereich in Ihrem Unternehmen dar, bilden aber auch einen wesentlichen Faktor f\u00fcr den nachhaltigen Erfolg Ihres Unternehmens. Wir unterst\u00fctzen Sie kompetent und zielgenau bei arbeitsrechtlichen Entscheidungen, Kostenberechnungen und der Kommunikation sowohl gegen\u00fcber Ihren Mitarbeiterinnen und Mitarbeitern als auch gegen\u00fcber s\u00e4mtlichen Beh\u00f6rden.<\/p><p>Ihre Vorteile bei unserer Lohnverrechnung:<span style=\"font-size: 15px;\">\u00a0<\/span><\/p><\/div><\/div><div class=\"standard-arrow\"><ul><li>Sie erhalten laufend Ihre Gehalts- und Lohnabrechnungen<\/li><li>Wir nehmen Ihnen An- und Abmeldungen bei der Krankenkasse ab<\/li><li>Sie erhalten von uns die Abrechnung von Urlaubs-, Feiertags- und Krankenentgelt<\/li><li>Wir erstellen den Jahreslohnzettel und die Jahreserkl\u00e4rungen sowie \u00fcbernehmen die \u00dcbermittlung an die zust\u00e4ndigen Beh\u00f6rden (DGA-Erkl\u00e4rung, Kommunalsteuererkl\u00e4rung)<\/li><li>Sie erhalten eine Vorwegberechnung von Brutto- und Nettogeh\u00e4ltern<\/li><li>Wir wickeln Ihre Lohnsteuer- und Sozialversicherungspr\u00fcfungen ab<\/li><\/ul><\/div><div class=\"ult-spacer spacer-5f456ef3a8a21\" data-id=\"5f456ef3a8a21\" data-height=\"20\" data-height-mobile=\"20\" data-height-tab=\"20\" data-height-tab-portrait=\"\" data-height-mobile-landscape=\"\">\u00a0<\/div><div class=\"wpb_text_column wpb_content_element \"><div class=\"wpb_wrapper\"><p>Legen Sie die Lohnverrechnung Ihres Unternehmens in unsere H\u00e4nde und schaffen Sie sich den Freiraum f\u00fcr Ihre eigentlichen unternehmerischen Aufgaben und Ziele.<\/p><p><a href=\"https:\/\/www.kanzlei-tatzber.at\/?page_id=334\">Kontaktieren Sie uns<\/a>\u00a0und vereinbaren Sie jetzt einen Termin f\u00fcr ein kostenloses Erstgespr\u00e4ch. Ihr Steuerberater Lohnverrechnung Wien!<\/p><\/div><\/div>\t\t\t\t\t\t\t\t<\/div>\n\t\t\t\t<\/div>\n\t\t\t\t\t<\/div>\n\t\t<\/div>\n\t\t\t\t\t<\/div>\n\t\t<\/section>\n\t\t\t\t<\/div>\n\t\t","protected":false},"excerpt":{"rendered":"<p>Rechnen Sie mit dem Besten Die Lohn- und Gehaltsverrechnung z\u00e4hlt zu den wohl sensibelsten und umfangreichsten Themen als Unternehmer. Hier flie\u00dfen sowohl Steuerrecht und Sozialversicherungsvorschriften als auch Arbeitsrecht und Kollektivvertragsbestimmungen ineinander. Darum sind umfassende und st\u00e4ndig aktualisierte Fachkenntnisse von besonderer Bedeutung, um unangenehme \u00dcberraschungen bei einer Gebietskrankenkassen- oder Finanzamtspr\u00fcfung zu vermeiden. Wir \u00fcbernehmen f\u00fcr Sie &hellip;<\/p>\n<p class=\"read-more\"> <a class=\"\" href=\"https:\/\/www.kanzlei-tatzber.at\/?page_id=367\"> <span class=\"screen-reader-text\">Lohnverrechnung<\/span> Mehr lesen \u00bb<\/a><\/p>\n","protected":false},"author":1,"featured_media":0,"parent":0,"menu_order":0,"comment_status":"closed","ping_status":"closed","template":"","meta":{"footnotes":""},"class_list":["post-367","page","type-page","status-publish","hentry"],"_links":{"self":[{"href":"https:\/\/www.kanzlei-tatzber.at\/index.php?rest_route=\/wp\/v2\/pages\/367","targetHints":{"allow":["GET"]}}],"collection":[{"href":"https:\/\/www.kanzlei-tatzber.at\/index.php?rest_route=\/wp\/v2\/pages"}],"about":[{"href":"https:\/\/www.kanzlei-tatzber.at\/index.php?rest_route=\/wp\/v2\/types\/page"}],"author":[{"embeddable":true,"href":"https:\/\/www.kanzlei-tatzber.at\/index.php?rest_route=\/wp\/v2\/users\/1"}],"replies":[{"embeddable":true,"href":"https:\/\/www.kanzlei-tatzber.at\/index.php?rest_route=%2Fwp%2Fv2%2Fcomments&post=367"}],"version-history":[{"count":15,"href":"https:\/\/www.kanzlei-tatzber.at\/index.php?rest_route=\/wp\/v2\/pages\/367\/revisions"}],"predecessor-version":[{"id":1058,"href":"https:\/\/www.kanzlei-tatzber.at\/index.php?rest_route=\/wp\/v2\/pages\/367\/revisions\/1058"}],"wp:attachment":[{"href":"https:\/\/www.kanzlei-tatzber.at\/index.php?rest_route=%2Fwp%2Fv2%2Fmedia&parent=367"}],"curies":[{"name":"wp","href":"https:\/\/api.w.org\/{rel}","templated":true}]}}